ine t(-1).
8
Let o(v) = 2*v**3 + 11*v**2 + 242*v + 687. Determine o(-3).
6
Let s(f) = 56*f + 36. Calculate s(1).
92
Let o(z) = -181*z - 1092. Calculate o(-6).
-6
Let n(i) = -142*i - 1124. Give n(-8).
12
Let i(r) = -9*r - 19. What is i(-3)?
8
Let d(m) = 9*m**2 + 5*m + 6. Determine d(-4).
130
Let u(w) = w**3 - 8*w**2 + 13*w - 11. Give u(6).
-5
Let x(q) = 349*q - 691. Calculate x(2).
7
Let o(g) = -212*g + 1492. Determine o(7).
8
Let p(m) = -4*m**3 + 60*m**2 - 111*m + 5. Give p(13).
-86
Let o(j) = 2*j**3 + 38*j**2 + 61*j - 120. Give o(-17).
-1
Let c(g) = -9*g**2 + 44*g + 223. What is c(-3)?
10
Let m(s) = 67*s - 294. Calculate m(8).
242
Let o(b) = -2*b**2 + 36*b + 67. What is o(17)?
101
Let r(w) = -2*w**2 - 2. Calculate r(-1).
-4
Let x(v) = -v**2 + 15*v + 6. What is x(12)?
42
Let j(w) = 4*w**3 + 2*w**2 + 10*w - 9. Determine j(3).
147
Let o(q) = 26*q - 233. Determine o(9).
1
Let f(t) = t**3 - 32*t**2 - 69*t + 104. Calculate f(34).
70
Let i(q) = q**3 + 13*q**2 - 9*q - 376. Calculate i(-10).
14
Let a(m) = -119*m + 1. Calculate a(3).
-356
Let h(d) = -d**3 + 14*d**2 + 85*d - 1061. Calculate h(15).
-11
Let s(a) = 44*a + 6426. What is s(-146)?
2
Let x(v) = v**3 - 77*v**2 - 410*v - 37. Determine x(82).
-37
Let d(h) = 2*h**2 - 260*h + 767. Give d(127).
5
Let a(q) = q**3 - 17*q**2 + 17*q + 49. Determine a(12).
-467
Let o(d) = 5*d - 148. Give o(-27).
-283
Let m(y) = 8*y - 470. Calculate m(57).
-14
Let j(u) = 9*u - 129. Determine j(18).
33
Let g(o) = -4*o**3 - 118*o**2 + 65*o + 40. Give g(-30).
-110
Let w(v) = 148*v - 694. Determine w(6).
194
Let r(z) = -48*z**2 - 142*z + 200. Give r(-4).
0
Let l(d) = -19*d**3 + 181*d**2 + 91*d - 11. Give l(10).
-1
Let m(g) = 15*g**3 - g**2 - 7*g - 5. Calculate m(-2).
-115
Let w(g) = g - 134. What is w(-26)?
-160
Let p(r) = 21*r**2 + 46*r - 50. What is p(1)?
17
Let q(o) = 142*o + 64. What is q(-3)?
-362
Let i(r) = -r**3 - 6*r**2 + 94*r + 39. Give i(-13).
0
Let v(y) = -y**3 - 3*y**2 + 25*y - 31. Determine v(-7).
-10
Let k(n) = -21*n**2 + 234*n + 469. Give k(-2).
-83
Let p(t) = 95*t - 754. What is p(9)?
101
Let l(c) = -1270*c + 3906. What is l(3)?
96
Let b(g) = -g**3 - 23*g**2 + 25*g + 54. What is b(-24)?
30
Let v(j) = -6*j**2 - 12*j - 8. Determine v(-6).
-152
Let u(d) = -2288*d - 2406. Give u(-1).
-118
Let c(z) = 441*z + 3121. What is c(-7)?
34
Let j(z) = 2*z**3 + 18*z**2 + 56*z + 134. Give j(-6).
14
Let h(g) = -g**3 - 35*g**2 + 1101*g + 88. Give h(-55).
33
Let z(j) = j**3 - 6*j**2 - 725*j + 135. Give z(30).
-15
Let v(j) = -2*j**2 + 14*j + 8. What is v(8)?
-8
Let y(s) = -s**3 + 35*s**2 - 6*s + 230. Give y(35).
20
Let j(q) = -297*q**3 - q**2 + 3*q - 3. What is j(1)?
-298
Let k(c) = 3*c**3 + 77*c**2 + 52*c + 52. Calculate k(-25).
2
Let h(b) = 4*b**3 - 6*b**2 + 12*b - 56. Calculate h(3).
34
Let y(c) = -994*c + 19880. Calculate y(20).
0
Let w(v) = -2*v**2 + 56*v - 365. Give w(19).
-23
Let b(l) = -29598*l - 147987. What is b(-5)?
3
Let t(k) = k**3 + 60*k**2 - 58*k + 157. Determine t(-61).
-26
Let i(s) = -104*s + 789. Calculate i(7).
61
Let s(j) = -j**2 - 24*j - 14. Give s(-22).
30
Let g(o) = 20*o**2 - 7. Calculate g(3).
173
Let d(c) = -10*c + 360. What is d(22)?
140
Let f(v) = -15*v**2 - 129*v - 92. Determine f(-8).
-20
Let b(c) = -c**2 + 118*c - 567. Give b(113).
-2
Let m(a) = -a**2 - 2*a + 436. Determine m(-27).
-239
Let j(s) = -28*s - 1101. What is j(-39)?
-9
Let i(d) = 76*d**2 + 10*d - 6. What is i(-2)?
278
Let g(b) = -b**2 - 554*b - 4370. Calculate g(-8).
-2
Let l(k) = -5*k**2 + 5*k + 3. Calculate l(-2).
-27
Let g(s) = s**3 - 7*s**2 + 85*s - 843. Determine g(10).
307
Let r(h) = 18*h - 1010. Determine r(51).
-92
Let r(q) = 211*q + 655. Calculate r(-3).
22
Let y(b) = b**2 + 125*b + 1074. Give y(-115).
-76
Let x(w) = 18*w + 618. Determine x(-33).
24
Let t(w) = 276*w - 275. What is t(1)?
1
Let p(l) = -l**2 - 18*l + 242. What is p(10)?
-38
Let a(w) = 12*w**2 + 94*w + 91. Determine a(-8).
107
Let j(n) = 7*n**2 - 213*n + 1168. Calculate j(23).
-28
Let h(t) = t**2 - 23*t - 197. Calculate h(30).
13
Let b(v) = v**3 - 28*v**2 - 337*v - 2. What is b(37)?
-150
Let j(y) = 29*y**2 + 2170*y - 366. Determine j(-75).
9
Let m(z) = 2*z**3 + 25*z**2 - 359*z - 45. Determine m(-21).
-3
Let b(x) = 72*x - 775. What is b(9)?
-127
Let i(o) = -15*o**2 + 766*o - 52. Calculate i(51).
-1
Let x(i) = 4*i**2 + 150*i + 186. What is x(-36)?
-30
Let a(l) = -136*l**2 - 679*l + 6. Give a(-5).
1
Let w(f) = 37*f - 18. Calculate w(-5).
-203
Let c(b) = 17*b - 184. Give c(28).
292
Let o(f) = f**2 + 32*f + 216. Determine o(-34).
284
Let i(x) = x**3 - 58*x**2 - x + 83. What is i(58)?
25
Let o(r) = -37*r - 623. Calculate o(-17).
6
Let n(g) = -2*g**2 + 18*g - 40. Give n(8).
-24
Let r(k) = 863*k + 7731. Determine r(-9).
-36
Let g(f) = -3*f**3 + 2*f**2 + 22*f + 20. Give g(-1).
3
Let k(l) = l**3 + 35*l**2 + 101*l + 117. Calculate k(-32).
-43
Let u(j) = -66*j + 1524. Give u(20).
204
Let y(d) = 18*d - 469. What is y(19)?
-127
Let f(z) = 3*z**2 - 120*z + 85. Calculate f(38).
-143
Let o(a) = a**2 - 314*a - 3222. Determine o(-10).
18
Let g(f) = f**3 - 84*f**2 + 248*f - 13. What is g(3)?
2
Let t(w) = -w**3 - 19*w**2 - 31*w + 5. Calculate t(-15).
-430
Let a(b) = -21*b**2 - 1843*b + 437. Calculate a(-88).
-3
Let v(i) = 302*i**2 - 202*i - 1. Calculate v(1).
99
Let k(o) = 72*o + 1144. Calculate k(-16).
-8
Let x(z) = -194*z + 27. Determine x(1).
-167
Let t(p) = 33*p - 1357. Calculate t(41).
-4
Let y(o) = 83*o + 1090. Calculate y(-13).
11
Let l(k) = k**3 + 37*k**2 - 572*k + 12. Calculate l(12).
204
Let a(q) = -q**2 - 108*q - 2394. Determine a(-31).
-7
Let y(t) = -113*t + 5031. Calculate y(45).
-54
Let s(j) = -2*j**2 - 102*j + 132. Give s(-52).
28
Let x(h) = 3*h - 83. Calculate x(-57).
-254
Let j(t) = -13*t - 222. Determine j(-14).
-40
Let d(y) = -3*y**3 + 4*y**2 - 10*y + 3. What is d(2)?
-25
Let d(k) = -2*k**2 - 65*k - 175. Give d(-32).
-143
Let p(v) = 16*v - 419. Determine p(29).
45
Let n(q) = -q**3 - 28*q**2 - 53*q + 170. What is n(-26)?
196
Let i(v) = -748*v + 1481. Determine i(2).
-15
Let h(q) = q**3 - 20*q**2 + 33*q + 66. Calculate h(18).
12
Let s(q) = q**3 + 12*q**2 + 21*q - 50. What is s(-8)?
38
Let u(i) = -i**2 - 19*i + 41. Calculate u(-28).
-211
Let r(l) = -l**3 - 16*l**2 + 59*l + 11. Determine r(-19).
-27
Let u(k) = -353*k + 8123. What is u(23)?
4
Let d(s) = -s**3 + 18*s**2 + 44*s - 25. Determine d(20).
55
Let o(n) = 36*n + 976. Calculate o(-27).
4
Let j(p) = -3*p**2 - 32*p + 33. Calculate j(1).
-2
Let f(a) = a**2 + 64*a + 812. What is f(-47)?
13
Let x(a) = 24*a + 2175. Calculate x(-90).
15
Let j(m) = m**2 + 40*m + 181. Determine j(-38).
105
Let b(g) = 4*g**3 - 42*g**2 - 26*g + 14. Give b(11).
-30
Let d(r) = -3*r**3 + 29*r**2 + 4*r + 80. What is d(10)?
20
Let w(u) = -571*u - 5733. Calculate w(-10).
-23
Let s(a) = -a**2 + 1417*a - 60413. Determine s(44).
-1
Let z(x) = x**3 + 24*x**2 + 2*x + 9. Determine z(-24).
-39
Let m(d) = 4*d**2 - 158*d + 1358. Give m(27).
8
Let c(w) = 3*w**2 + 3*w + 175. What is c(0)?
175
Let l(p) = -4223*p - 38006. Determine l(-9).
1
Let l(c) = c**2 - 62*c + 287. Calculate l(57).
2
Let g(m) = -2607*m - 172059. Give g(-66).
3
Let p(x) = -74*x - 7737. Calculate p(-99).
-411
Let f(p) = 3*p**2 + 24*p + 2. Determine f(-7).
-19
Let g(z) = -282*z + 5282. Give g(19).
-76
Let t(n) = -602*n - 3612. Calculate t(-6).
0
Let d(o) = 50*o**3 - o**2 - 6*o - 5. Determine d(-1).
-50
Let l(h) = -h**3 - 8*h**2 + 9*h + 97. Calculate l(-4).
-3
Let z(v) = v**2 - 3088*v - 40310. Calculate z(-13).
3
Let i(m) = 74*m + 1857. Calculate i(-26).
-67
Let h(a) = a**2 - 69*a + 514. Calculate h(60).
-26
Let g(d) = 42*d + 2221. Determine g(-53).
-5
Let a(h) = -2*h**2 - 17*h + 14. What is a(-7)?
35
Let g(n) = n**2 - 34*n + 298. Calculate g(17).
9
Let m(p) = 26*p + 725. What is m(-28)?
-3
Let z(w) = -w**3 + 18*w**2 - 22*w - 20. What is z(16)?
140
Let w(l) = -8518*l + 34073. Calculate w(4).
1
Let m(s) = -2*s + 211. What is m(108)?
-5
Let i(k) = 4*k**3 - 24*k**2 + 4*k + 8. Determine i(6).
32
Let i(c) = 2135*c - 25610. Calculate i(12).
10
Let d(u) = -1047*u + 12561. What is d(12)?
-3
Let z(c) = -205*c - 46. Determine z(1).
-251
Let r(d) = -d**2 + 300*d + 3432. Determine r(-11).
11
Let a(f) = -3*f**2 + 46*f - 30. Calculate a(9).
141
Let i(b) = -3325*b - 39882. Calculate i(-12).
18
Let f(v) = 96